ivide 240?
True
Is 126 a multiple of 42?
True
Is 29 a factor of 85347?
True
Is 375 a multiple of 25?
True
Is 6 a factor of 117?
False
Is 1481 a multiple of 10?
False
Is 18 a factor of 19055?
False
Is 816 a multiple of 16?
True
Does 10 divide 390?
True
Is 27379 a multiple of 19?
True
Is 16470 a multiple of 90?
True
Does 16 divide 32?
True
Is 38 a factor of 76084?
False
Does 23 divide 826?
False
Is 26 a factor of 28183?
False
Is 19 a factor of 60572?
True
Does 11 divide 21703?
True
Is 13 a factor of 23535?
False
Is 121 a factor of 7865?
True
Does 8 divide 4518?
False
Does 19 divide 8816?
True
Is 1026 a multiple of 106?
False
Does 17 divide 31030?
False
Is 16 a factor of 4320?
True
Is 2770 even?
True
Is 6 a factor of 87?
False
Is 40 a multiple of 20?
True
Is 8964 a multiple of 41?
False
Is 672 a multiple of 21?
True
Is 18 a factor of 7794?
True
Does 11 divide 8063?
True
Does 26 divide 19292?
True
Does 30 divide 751?
False
Does 2 divide 577?
False
Does 15 divide 825?
True
Is 6573 a multiple of 64?
False
Does 2 divide 1562?
True
Is 9 a multiple of 7?
False
Is 2415 a multiple of 69?
True
Does 157 divide 1095?
False
Does 59 divide 1652?
True
Is 94 a factor of 19992?
False
Is 5016 a multiple of 11?
True
Is 159 a factor of 963?
False
Is 4753 a multiple of 49?
True
Does 81 divide 2665?
False
Is 4076 a multiple of 19?
False
Does 2 divide 607?
False
Is 174 a factor of 43152?
True
Does 78 divide 3836?
False
Does 6 divide 109?
False
Is 32 a factor of 215?
False
Is 10 a factor of 530?
True
Is 111 a factor of 10812?
False
Is 70 a factor of 9050?
False
Is 27 a factor of 243?
True
Does 12 divide 400?
False
Does 173 divide 76812?
True
Is 29 a factor of 7946?
True
Is 210 a multiple of 21?
True
Is 980 a multiple of 6?
False
Is 20 a factor of 1493?
False
Is 29275 a multiple of 21?
False
Does 30 divide 2108?
False
Is 376 a multiple of 21?
False
Does 163 divide 44825?
True
Is 3 a factor of 1684?
False
Is 903 a multiple of 21?
True
Is 2176 a multiple of 17?
True
Is 77 a factor of 4700?
False
Is 22 a factor of 440?
True
Is 2744 a multiple of 57?
False
Does 103 divide 49955?
True
Is 18 a factor of 828?
True
Is 3625 a multiple of 145?
True
Is 41 a factor of 18409?
True
Does 47 divide 987?
True
Is 7 a factor of 113?
False
Does 25 divide 23271?
False
Is 40 a factor of 2720?
True
Does 8 divide 1221?
False
Is 4019 a multiple of 92?
False
Is 129898 a multiple of 107?
True
Is 12809 a multiple of 15?
False
Is 8 a factor of 232?
True
Is 13 a factor of 231768?
False
Does 3 divide 167?
False
Does 11 divide 71636?
False
Does 5 divide 22979?
False
Is 19296 a multiple of 20?
False
Is 39 a factor of 975?
True
Does 28 divide 906?
False
Is 16 a factor of 21028?
False
Is 1205 a multiple of 19?
False
Is 11735 a multiple of 5?
True
Is 25 a factor of 10925?
True
Is 678 even?
True
Is 140 a factor of 27300?
True
Is 55692 a multiple of 36?
True
Is 7 a factor of 3198?
False
Is 2012 a multiple of 3?
False
Does 14 divide 25660?
False
Does 6 divide 1427?
False
Is 56 a factor of 7168?
True
Is 32208 a multiple of 33?
True
Does 5 divide 206?
False
Is 3488 a multiple of 6?
False
Is 56686 a multiple of 7?
True
Is 1326 a multiple of 39?
True
Is 8 a factor of 25568?
True
Does 7 divide 490?
True
Is 111 a factor of 4587?
False
Does 29 divide 2030?
True
Is 27023 a multiple of 21?
False
Does 16 divide 1663?
False
Is 8 a factor of 122?
False
Is 836 a multiple of 5?
False
Is 1920 a multiple of 5?
True
Is 229 a multiple of 4?
False
Does 4 divide 438?
False
Is 8395 a multiple of 16?
False
Is 53 a factor of 33194?
False
Is 2568 a multiple of 12?
True
Is 760 a multiple of 20?
True
Is 19 a factor of 171?
True
Is 7168 a multiple of 8?
True
Is 16 a factor of 496?
True
Is 12896 a multiple of 52?
True
Is 10 a factor of 5960?
True
Is 13116 a multiple of 12?
True
Is 32 a factor of 920?
False
Is 19 a factor of 27844?
False
Is 14450 a multiple of 25?
True
Does 35 divide 9738?
False
Is 366 a multiple of 15?
False
Does 128 divide 923?
False
Does 17 divide 8058?
True
Does 4 divide 98?
False
Is 54095 a multiple of 29?
False
Is 3 a factor of 774?
True
Does 12 divide 29687?
False
Is 50 a factor of 2200?
True
Does 11 divide 3311?
True
Is 5445 a multiple of 4?
False
Is 7 a factor of 31633?
True
Is 14 a factor of 1918?
True
Does 42 divide 630?
True
Is 11 a factor of 11?
True
Is 26 a factor of 334?
False
Is 77 a factor of 56640?
False
Is 3 a factor of 179?
False
Is 8 a factor of 783?
False
Is 13617 a multiple of 29?
False
Does 81 divide 57695?
False
Is 11960 a multiple of 26?
True
Does 2 divide 24?
True
Is 36 a factor of 576?
True
Is 13 a factor of 22249?
False
Does 156 divide 312?
True
Is 1311 a multiple of 57?
True
Is 47 a factor of 15933?
True
Is 60 a factor of 18122?
False
Does 33 divide 4392?
False
Does 39 divide 1653?
False
Is 44 a factor of 5456?
True
Is 9344 a multiple of 6?
False
Is 41501 a multiple of 47?
True
Does 35 divide 5594?
False
Is 126 a multiple of 7?
True
Is 3004 a multiple of 65?
False
Is 22 a factor of 5109?
False
Is 383 a multiple of 29?
False
Does 19 divide 1843?
True
Does 4 divide 152?
True
Is 32 a factor of 1626?
False
Is 258 a multiple of 43?
True
Is 12 a factor of 506?
False
Is 243 a multiple of 8?
False
Does 14 divide 18397?
False
Is 4 a factor of 43352?
True
Is 32 a factor of 320?
True
Is 13 a factor of 37791?
True
Is 3506 a multiple of 69?
False
Is 89 a factor of 1207?
False
Is 43335 a multiple of 27?
True
Does 98 divide 98?
True
Is 4620 a multiple of 21?
True
Is 31 a factor of 36859?
True
Does 29 divide 87?
True
Is 2287 a multiple of 97?
False
Does 17 divide 1496?
True
Is 3 a factor of 2706?
True
Does 26 divide 63410?
False
Is 6828 a multiple of 12?
True
Does 128 divide 6656?
True
Is 8 a factor of 6368?
True
Does 34 divide 599?
False
Is 4 a factor of 2756?
True
Is 7833 a multiple of 21?
True
Does 15 divide 6825?
True
Does 44 divide 13491?
False
Does 11 divide 1920?
False
Does 37 divide 3747?
False
Is 13 a factor of 40214?
False
Does 18 divide 5117?
False
Does 173 divide 184764?
True
Does 89 divide 2851?
False
Does 19 divide 1343?
False
Is 5690 a multiple of 4?
False
Does 10 divide 638?
False
Is 10065 a multiple of 11?
True
Is 385 a factor of 1155?
True
Is 55 a factor of 165?
True
Does 43 divide 1045?
False
Does 4 divide 227?
False
Is 14 a factor of 11218?
False
Is 118 a factor of 23600?
True
Does 14 divide 112?
True
Is 14 a factor of 54598?
False
Is 153 a factor of 26928?
True
Does 5 divide 167?
False
Is 85 a factor of 21720?
False
Does 4 divide 1607?
False
Is 4298 a multiple of 25?
False
Is 114 a factor of 9088?
False
Is 13 a factor of 23202?
False
Is 19332 a multiple of 6?
True
Is 87 a factor of 86217?
True
Is 12 a factor of 1187?
False
Is 804 a multiple of 134?
True
Is 39894 a multiple of 23?
False
Is 961 a multiple of 20?
False
Does 84 divide 874?
False
Is 11460 a multiple of 31?
False
Is 2676 a multiple of 41?
False
Is 12 a factor of 1246?
False
Does 7 divide 271?
False
Is 47 a factor of 987?
True
Does 36 divide 18144?
True
Does 9 divide 3007?
False
Is 48 a factor of 12787?
False
Does 58 divide 84274?
True
Is 10 even?
True
Is 173 a multiple of 65?
False
Is 54175 a multiple of 55?
True
Is 27590 a multiple of 80?
False
Does 152 divide 850?
False
Does 40 divide 2720?
True
Does 52 divide 2080?
True
Is 10 a factor of 22?
False
Is 13 a factor of 395?
False
Does 29 divide 435?
True
Is 240 a multiple of 5?
True
Is 11730 a multiple of 61?
False
Is 638 a multiple of 3?
False
Is 1032 a multiple of 43?
True
Is 88 a multiple of 12?
False
Does 47 divide 2068?
True
Is 5 a factor of 455?
True
Is 1206 a multiple of 10?
False
Is 10 a factor of 1122?
False
Is 14 a factor of 39872?
True
Is 1167 a multiple of 127?
False
Does 79 divide 38631?
True
Is 124 a factor of 15872?
True
Is 1516 a multiple of 18?
False
Is 22 a factor of 581?
False
Does 22 divide 506?
True
Is 1296 a multiple of 8?
True
Does 19 divide 420?
False
Does 76 divide 4825?
False
Is 7 a factor of 224?
True
Does 6 divide 160?
False
Does 55 divide 17600?
True
Is 13 a factor of 1763?
False
Is 26 a factor of 6630?
True
Is 30932 a multiple of 232?
False
Is 110 a factor of 1470?
False
Does 11 divide 1177?
True
Is 271 a factor of 28997?
True
Is 18845 a multiple of 41?
False
Is 321 a multiple of 26?
False
Is 9 a factor of 4842?
True
Is 5846 a multiple of 37